{"id":438,"date":"2024-11-05T00:06:05","date_gmt":"2024-11-05T00:06:05","guid":{"rendered":"https:\/\/agridataera.org\/?page_id=438"},"modified":"2024-11-05T13:20:39","modified_gmt":"2024-11-05T13:20:39","slug":"2022-transformacion-digital-iniciativas-de-normalizacion","status":"publish","type":"page","link":"https:\/\/agridataera.org\/index.php\/2022-transformacion-digital-iniciativas-de-normalizacion\/","title":{"rendered":"2022 &#8211; Transformaci\u00f3n Digital. Iniciativas de Normalizaci\u00f3n"},"content":{"rendered":"\n<p>Durante las Jornadas en 2022 se presentaron <strong>iniciativas de normalizaci\u00f3n en torno a la Transformaci\u00f3n Digital a distintos niveles (Nacional, Europeo e Internacional) que avalan su relevancia aunque tambi\u00e9n la dificultad por las diferencias de enfoque en las alternativas existentes. <\/strong><\/p>\n\n\n\n<p>Algunas de las introducidas durante la Jornada en 2021 se relacionan a continuaci\u00f3n:<\/p>\n\n\n\n<h2 class=\"wp-block-heading\">Asociaci\u00f3n Espa\u00f1ola de Normalizaci\u00f3n (Norma UNE) y Herramienta de Autodiagn\u00f3stico HADA<\/h2>\n\n\n\n<p>La Especificaci\u00f3n\u00a0<strong>UNE<\/strong>\u00a0<strong>0060<\/strong>, alineada con los ejes fundamentales de la herramienta de autodiagn\u00f3stico HADA, tiene por objeto describir los <strong>requisitos <\/strong>para que una empresa industrial de cualquier tama\u00f1o y\/o actividad sea considerada como Industria Digital bajo esta norma. Como complemento, la\u00a0<strong>UNE\u00a00061 establece los criterios para evaluar el cumplimiento de los requisitos definidos en la UNE 0060 y los criterios m\u00ednimos de cumplimiento. <\/strong><\/p>\n\n\n\n<figure class=\"wp-block-image size-large\"><img loading=\"lazy\" decoding=\"async\" width=\"1024\" height=\"768\" src=\"https:\/\/agridataera.org\/wp-content\/uploads\/2024\/11\/UNE-0060-y-0061-1024x768.jpg\" alt=\"\" class=\"wp-image-461\" srcset=\"https:\/\/agridataera.org\/wp-content\/uploads\/2024\/11\/UNE-0060-y-0061-1024x768.jpg 1024w, https:\/\/agridataera.org\/wp-content\/uploads\/2024\/11\/UNE-0060-y-0061-300x225.jpg 300w, https:\/\/agridataera.org\/wp-content\/uploads\/2024\/11\/UNE-0060-y-0061-768x576.jpg 768w, https:\/\/agridataera.org\/wp-content\/uploads\/2024\/11\/UNE-0060-y-0061-676x507.jpg 676w, https:\/\/agridataera.org\/wp-content\/uploads\/2024\/11\/UNE-0060-y-0061.jpg 1058w\" sizes=\"auto, (max-width: 1024px) 100vw, 1024px\" \/><\/figure>\n\n\n\n<figure class=\"wp-block-image size-large\"><img loading=\"lazy\" decoding=\"async\" width=\"1024\" height=\"768\" src=\"https:\/\/agridataera.org\/wp-content\/uploads\/2024\/11\/HADA-1024x768.jpg\" alt=\"\" class=\"wp-image-462\" srcset=\"https:\/\/agridataera.org\/wp-content\/uploads\/2024\/11\/HADA-1024x768.jpg 1024w, https:\/\/agridataera.org\/wp-content\/uploads\/2024\/11\/HADA-300x225.jpg 300w, https:\/\/agridataera.org\/wp-content\/uploads\/2024\/11\/HADA-768x576.jpg 768w, https:\/\/agridataera.org\/wp-content\/uploads\/2024\/11\/HADA-676x507.jpg 676w, https:\/\/agridataera.org\/wp-content\/uploads\/2024\/11\/HADA.jpg 1058w\" sizes=\"auto, (max-width: 1024px) 100vw, 1024px\" \/><\/figure>\n\n\n\n<p><\/p>\n\n\n\n<h2 class=\"wp-block-heading\">\u00cdndice de Sociedad y Econom\u00eda Digital (DESI)<\/h2>\n\n\n\n<p>Desde el a\u00f1o 2014, para el seguimiento del avance de la Transformaci\u00f3n Digital en los pa\u00edses miembros y an\u00e1lisis comparativos, la Comisi\u00f3n Europea ha definido una serie de indicadores en distintos ejes que se agrupan bajo la denominaci\u00f3n de \u00cdndice de Sociedad y Econom\u00eda Digital.  <\/p>\n\n\n\n<figure class=\"wp-block-image size-large\"><img loading=\"lazy\" decoding=\"async\" width=\"1024\" height=\"768\" src=\"https:\/\/agridataera.org\/wp-content\/uploads\/2024\/11\/DESI-1024x768.jpg\" alt=\"\" class=\"wp-image-463\" srcset=\"https:\/\/agridataera.org\/wp-content\/uploads\/2024\/11\/DESI-1024x768.jpg 1024w, https:\/\/agridataera.org\/wp-content\/uploads\/2024\/11\/DESI-300x225.jpg 300w, https:\/\/agridataera.org\/wp-content\/uploads\/2024\/11\/DESI-768x576.jpg 768w, https:\/\/agridataera.org\/wp-content\/uploads\/2024\/11\/DESI-676x507.jpg 676w, https:\/\/agridataera.org\/wp-content\/uploads\/2024\/11\/DESI.jpg 1058w\" sizes=\"auto, (max-width: 1024px) 100vw, 1024px\" \/><\/figure>\n\n\n\n<h2 class=\"wp-block-heading\">Est\u00e1ndares ISO (International Organization for Standardization)<\/h2>\n\n\n\n<p>En el a\u00f1o 2015 se definieron 17 Objetivos de Desarrollo Sostenible (ODS) por la Organizaci\u00f3n de las Naciones Unidas (ONU) con\u00a0<strong>el objetivo principal de  apoyar en la transformaci\u00f3n del  mundo por medio de pol\u00edticas que ayuden al desarrollo social, econ\u00f3mico y ambiental<\/strong>. En esta direcci\u00f3n se han alineado las normas  ISO. Las normas ISO consideran una estructura com\u00fan para aquellas que aplican a la  gesti\u00f3n con el objetivo de facilitar la interoperabilidad.<\/p>\n\n\n\n<p>La incertidumbre econ\u00f3mica y comercial, los cambios en las expectativas sociales, el impacto del Cambio Clim\u00e1tico y la Transformaci\u00f3n Digital son  fuerzas destacadas reconocidas por ISO como determinantes en su evoluci\u00f3n.<\/p>\n\n\n\n<figure class=\"wp-block-image size-large\"><img loading=\"lazy\" decoding=\"async\" width=\"1024\" height=\"768\" src=\"https:\/\/agridataera.org\/wp-content\/uploads\/2024\/11\/Iniciativas-de-normalizacion-ScienCity-2022-1024x768.jpg\" alt=\"\" class=\"wp-image-464\" srcset=\"https:\/\/agridataera.org\/wp-content\/uploads\/2024\/11\/Iniciativas-de-normalizacion-ScienCity-2022-1024x768.jpg 1024w, https:\/\/agridataera.org\/wp-content\/uploads\/2024\/11\/Iniciativas-de-normalizacion-ScienCity-2022-300x225.jpg 300w, https:\/\/agridataera.org\/wp-content\/uploads\/2024\/11\/Iniciativas-de-normalizacion-ScienCity-2022-768x576.jpg 768w, https:\/\/agridataera.org\/wp-content\/uploads\/2024\/11\/Iniciativas-de-normalizacion-ScienCity-2022-676x507.jpg 676w, https:\/\/agridataera.org\/wp-content\/uploads\/2024\/11\/Iniciativas-de-normalizacion-ScienCity-2022.jpg 1058w\" sizes=\"auto, (max-width: 1024px) 100vw, 1024px\" \/><\/figure>\n\n\n\n<p><\/p>\n\n\n\n<h2 class=\"wp-block-heading\">Foro de las Naciones Unidas para Est\u00e1ndares de Sostenibilidad (UNFSS)<\/h2>\n\n\n\n<p>El objetivo de la iniciativa es proporcionar un foro de informaci\u00f3n, an\u00e1lisis y debate  a nivel intergubernamental sobre Normas Voluntarias de Sostenibilidad promoviendo el di\u00e1logo sobre pol\u00edticas y experiencias as\u00ed sobre la gobernanza de alto nivel para el desarrollo de un programa coherente de pol\u00edticas p\u00fablicas e iniciativas privadas. <\/p>\n\n\n\n<figure class=\"wp-block-image size-large\"><img loading=\"lazy\" decoding=\"async\" width=\"1024\" height=\"768\" src=\"https:\/\/agridataera.org\/wp-content\/uploads\/2024\/11\/Estandarizacion-UN-1024x768.jpg\" alt=\"\" class=\"wp-image-465\" srcset=\"https:\/\/agridataera.org\/wp-content\/uploads\/2024\/11\/Estandarizacion-UN-1024x768.jpg 1024w, https:\/\/agridataera.org\/wp-content\/uploads\/2024\/11\/Estandarizacion-UN-300x225.jpg 300w, https:\/\/agridataera.org\/wp-content\/uploads\/2024\/11\/Estandarizacion-UN-768x576.jpg 768w, https:\/\/agridataera.org\/wp-content\/uploads\/2024\/11\/Estandarizacion-UN-676x507.jpg 676w, https:\/\/agridataera.org\/wp-content\/uploads\/2024\/11\/Estandarizacion-UN.jpg 1058w\" sizes=\"auto, (max-width: 1024px) 100vw, 1024px\" \/><\/figure>\n","protected":false},"excerpt":{"rendered":"<p>Durante las Jornadas en 2022 se presentaron iniciativas de normalizaci\u00f3n en torno a la Transformaci\u00f3n Digital a distintos niveles (Nacional, Europeo e Internacional) que avalan su relevancia aunque tambi\u00e9n la dificultad por las diferencias de enfoque en las alternativas existentes. Algunas de las introducidas durante la Jornada en 2021 se relacionan a continuaci\u00f3n: Asociaci\u00f3n Espa\u00f1ola [&hellip;]<\/p>\n","protected":false},"author":1,"featured_media":0,"parent":0,"menu_order":0,"comment_status":"closed","ping_status":"closed","template":"","meta":{"footnotes":""},"class_list":["post-438","page","type-page","status-publish","hentry","post-preview"],"_links":{"self":[{"href":"https:\/\/agridataera.org\/index.php\/wp-json\/wp\/v2\/pages\/438","targetHints":{"allow":["GET"]}}],"collection":[{"href":"https:\/\/agridataera.org\/index.php\/wp-json\/wp\/v2\/pages"}],"about":[{"href":"https:\/\/agridataera.org\/index.php\/wp-json\/wp\/v2\/types\/page"}],"author":[{"embeddable":true,"href":"https:\/\/agridataera.org\/index.php\/wp-json\/wp\/v2\/users\/1"}],"replies":[{"embeddable":true,"href":"https:\/\/agridataera.org\/index.php\/wp-json\/wp\/v2\/comments?post=438"}],"version-history":[{"count":19,"href":"https:\/\/agridataera.org\/index.php\/wp-json\/wp\/v2\/pages\/438\/revisions"}],"predecessor-version":[{"id":482,"href":"https:\/\/agridataera.org\/index.php\/wp-json\/wp\/v2\/pages\/438\/revisions\/482"}],"wp:attachment":[{"href":"https:\/\/agridataera.org\/index.php\/wp-json\/wp\/v2\/media?parent=438"}],"curies":[{"name":"wp","href":"https:\/\/api.w.org\/{rel}","templated":true}]}}