{"id":31,"date":"2023-10-01T19:06:40","date_gmt":"2023-10-01T19:06:40","guid":{"rendered":"https:\/\/agridataera.org\/?page_id=31"},"modified":"2024-11-05T09:15:09","modified_gmt":"2024-11-05T09:15:09","slug":"huelva","status":"publish","type":"page","link":"https:\/\/agridataera.org\/index.php\/huelva\/","title":{"rendered":"Agricultura en Huelva"},"content":{"rendered":"\n<p><strong>Actualmente, Huelva compite internacionalmente en los mercados mas exigentes desde el punto de vista de sostenibilidad<\/strong> bajo certificados GLOBALG.A.P. SPRING, LEAF MARQUE, Huella h\u00eddrica del producto y otras certificaciones. Los est\u00e1ndares internacionales relevantes transmiten una fuerte tendencia hacia el aumento de exigencias basadas en m\u00e9tricas de Sostenibilidad. <\/p>\n\n\n\n<p>Huelva ocupa la primera posici\u00f3n en agricultura ecol\u00f3gica en Andaluc\u00eda, siendo Andaluc\u00eda la primera de Espa\u00f1a y Espa\u00f1a la primera de Europa. Por otra parte, en cultivos de frutos rojos, posiciona a Espa\u00f1a a la cabeza Europea y en primeras posiciones exportadoras a nivel mundial. <\/p>\n\n\n\n<p>La superficie de Red Natura 2000 onubense, \u00e1rea de conservaci\u00f3n dise\u00f1ada por la Comisi\u00f3n Europea para la protecci\u00f3n de la biodiversidad,  comprende m\u00e1s del 39% de la provincia, clasificada como Zona de Especial Protecci\u00f3n para las Aves o Zonas de Especial Conservaci\u00f3n (ZEC) y Lugares de Importancia Comunitaria (LIC), incluyendo espacios tan emblem\u00e1ticos internacionalmente como el Parque Natural de Do\u00f1ana.<\/p>\n\n\n\n<p>Actualmente  se plantean <strong>retos crecientes de Sostenibilidad y Cambio Clim\u00e1tico,  en los que el Sur de Europa es particularmente vulnerable, que requieren contribuir a mitigarlo y adoptar medidas de adaptaci\u00f3n<\/strong> en defensa de la Agricultura y de los ecosistemas naturales \u00fanicos en la geograf\u00eda onubense.<\/p>\n\n\n\n<p><strong>Esta situaci\u00f3n de partida, avalando el potencial innovador de la provincia, propone a Huelva como un claro candidato para contribuir a la Transformaci\u00f3n Digital del Sector, que actualmente evoluciona en distintas partes de la geograf\u00eda Espa\u00f1ola, en Europa y en otras partes del mundo.<\/strong><\/p>\n","protected":false},"excerpt":{"rendered":"<p>Actualmente, Huelva compite internacionalmente en los mercados mas exigentes desde el punto de vista de sostenibilidad bajo certificados GLOBALG.A.P. SPRING, LEAF MARQUE, Huella h\u00eddrica del producto y otras certificaciones. Los est\u00e1ndares internacionales relevantes transmiten una fuerte tendencia hacia el aumento de exigencias basadas en m\u00e9tricas de Sostenibilidad. Huelva ocupa la primera posici\u00f3n en agricultura ecol\u00f3gica [&hellip;]<\/p>\n","protected":false},"author":1,"featured_media":0,"parent":0,"menu_order":0,"comment_status":"closed","ping_status":"closed","template":"","meta":{"footnotes":""},"class_list":["post-31","page","type-page","status-publish","hentry","post-preview"],"_links":{"self":[{"href":"https:\/\/agridataera.org\/index.php\/wp-json\/wp\/v2\/pages\/31","targetHints":{"allow":["GET"]}}],"collection":[{"href":"https:\/\/agridataera.org\/index.php\/wp-json\/wp\/v2\/pages"}],"about":[{"href":"https:\/\/agridataera.org\/index.php\/wp-json\/wp\/v2\/types\/page"}],"author":[{"embeddable":true,"href":"https:\/\/agridataera.org\/index.php\/wp-json\/wp\/v2\/users\/1"}],"replies":[{"embeddable":true,"href":"https:\/\/agridataera.org\/index.php\/wp-json\/wp\/v2\/comments?post=31"}],"version-history":[{"count":11,"href":"https:\/\/agridataera.org\/index.php\/wp-json\/wp\/v2\/pages\/31\/revisions"}],"predecessor-version":[{"id":458,"href":"https:\/\/agridataera.org\/index.php\/wp-json\/wp\/v2\/pages\/31\/revisions\/458"}],"wp:attachment":[{"href":"https:\/\/agridataera.org\/index.php\/wp-json\/wp\/v2\/media?parent=31"}],"curies":[{"name":"wp","href":"https:\/\/api.w.org\/{rel}","templated":true}]}}